et x = 11 + -7. Suppose 0 = 3*d - x*s, d + 4*s = -0*s + 16. Suppose 15 = -n + 5*u + 45, 4*u = -d*n + 48. What is the greatest common factor of n and 15?
15
Let g = 52 + -34. Let i = -6 - -8. Calculate the highest common factor of g and i.
2
Let s = -9 - -13. Suppose -103 = -3*a - t - 6, -34 = -a - 2*t. What is the highest common factor of s and a?
4
Suppose 2*k = 4 + 12. Calculate the highest common factor of k and 24.
8
Let t(i) = -i - 7. Let w be t(-7). Let x = 4 - w. Suppose -2*n - 3*n = x*l - 126, 0 = l - 4. What is the greatest common divisor of n and 55?
11
Suppose -3*t - 58 = -6*t + 5*a, 0 = -4*t + 2*a + 54. Suppose -242 = 2*y - 4*y. What is the highest common factor of t and y?
11
Suppose 0 = -3*q - q, -165 = -5*i + 2*q. Suppose d - i = -2*d. Calculate the greatest common divisor of d and 44.
11
Let n = 13 - 18. Let c be n/15 - (-781)/3. Calculate the greatest common divisor of c and 26.
26
Let d be 0 - 0 - 0/3. Let c = 40 - 4. Suppose 5*h - h - c = d. What is the greatest common factor of h and 3?
3
Let d be ((-12)/(-9))/(-4)*-15. Suppose -d*j + 431 = 41. Calculate the greatest common factor of 52 and j.
26
Suppose 10*y - 86 = 214. What is the greatest common factor of 330 and y?
30
Let f be (114 - 0)*1*1. What is the highest common factor of 19 and f?
19
Let v(d) = -620*d**3 - d**2 + d. Let y be v(1). Let n be y/(-14) + 4/(-14). Calculate the highest common factor of n and 11.
11
Suppose 3*t - 2*m = 244, -2*t - m = -120 - 52. What is the highest common factor of 21 and t?
21
Let y be 2/8 - (-310)/8. Let d = y - 25. Suppose 4*o = -5*s + 229, 3*o + 164 = 6*o - 4*s. What is the greatest common factor of d and o?
14
Let q be (-4784)/(-69) + 4/6. Calculate the highest common divisor of q and 10.
10
Suppose 3*j = -4*s + 8*j + 103, 3*s + 5*j = 121. Suppose -u - 4*z - 12 = 0, -5*u - 4*z = -18 - 2. Calculate the highest common divisor of s and u.
8
Suppose 2*u + 3*u = 50. Let a be 0 + 0 - (0 - 1). Calculate the greatest common factor of u and a.
1
Let m(s) = s**3 + 4*s**2 - 7*s - 3. Suppose r - 23 = 5*y, 3*y + 21 = -5*r + 2*r. Let q be m(y). Calculate the greatest common factor of 77 and q.
7
Let v(l) = -l**3 - 4*l**2 - 4*l + 3. Let j be v(-6). Let n be -2 + 4 + -1 - -19. Suppose 3*h = 13 + n. What is the greatest common factor of h and j?
11
Let d be 4/2*(-44)/(-8). Let w be (-2)/8 - 970/(-8). Calculate the highest common factor of w and d.
11
Suppose 4*q - 63 = q. Let o = q - 14. What is the greatest common divisor of o and 35?
7
Suppose -75 = -9*r + 321. What is the highest common factor of 11 and r?
11
Let j = -6 + 9. Suppose -3*d - 4*y + 21 = 0, j*d + 0*d - 4*y = 21. What is the highest common factor of d and 7?
7
Let o be -11*1/2*14. Let s = -27 - o. Calculate the greatest common divisor of s and 10.
10
Let i(r) = r**2 - 6*r - 19. Let p be i(11). Calculate the highest common factor of 12 and p.
12
Let f = 4 + -10. Let u(v) = -v - 1. Let j be u(f). What is the greatest common factor of 35 and j?
5
Suppose 4*c = -0*c + 8. Suppose 64 = c*h - 0*h. What is the highest common divisor of h and 8?
8
Let m = -23 - -31. What is the greatest common factor of m and 20?
4
Let x be 4 + -3*2 + 3. What is the greatest common factor of x and 1?
1
Let r(o) = o**2 + 4*o - 1. Let c be r(-3). Let w(h) = h**3 + 6*h**2 + h - 1. Let q be w(c). Calculate the greatest common divisor of 9 and q.
9
Let h = 9 + -3. Let y(l) = l**3 - l**2 - 2*l - 3. Let b be y(h). What is the greatest common divisor of 15 and b?
15
Let m(v) = -48*v + 50. Let p be m(-6). What is the greatest common divisor of 26 and p?
26
Suppose -5*p = 4*p - 450. What is the highest common divisor of p and 50?
50
Suppose x + 8*s - 3*s - 20 = 0, -2*x - 5*s + 25 = 0. Suppose 992 = 4*o + 2*r, 8*o - 1240 = 3*o + x*r. Calculate the greatest common factor of 31 and o.
31
Let c be 60/6 - (-2)/2. Let r(z) = z**2 - 9*z - 15. Let v be r(c). Calculate the greatest common factor of v and 21.
7
Let x be -2*(-1 + -1*2). Let i(o) = o**3 + 7*o**2 + 6*o + 9. Let w = 0 - 6. Let g be i(w). What is the highest common divisor of x and g?
3
Let s(n) = -n**3 + n**2 - 2. Let k be s(-3). Suppose -7 = 3*i - k. What is the greatest common factor of i and 99?
9
Let z = -6 + 9. Suppose 3*h = -2*k + 321, 483 = z*k - 0*k + 4*h. What is the highest common divisor of 15 and k?
15
Suppose -5*f + 3*d + 180 = 0, -72 = -2*f - d + 6*d. What is the highest common divisor of f and 4?
4
Suppose -u - 55 = -2*u. Suppose 55 = 3*k + q, -2*k + 3*q = -0*k - u. What is the highest common divisor of 5 and k?
5
Suppose -13 = -4*z - 1. Let r = 8 - -7. Calculate the highest common factor of r and z.
3
Let d be (16/(-10))/(2/(-5)). Let z = -1 + d. Calculate the greatest common factor of z and 18.
3
Suppose -2 = 5*w + 43. Let f = 15 + w. What is the highest common divisor of f and 30?
6
Let t be ((-486)/189)/((-6)/308). Calculate the greatest common factor of 24 and t.
12
Let a(b) = b**3 + 5*b**2 - 7*b - 8. Let o be a(-6). Let f = 5 - o. Let c be 0 + 2 + 0 - -5. Calculate the greatest common divisor of f and c.
7
Let k(t) = -2*t**2 + t + 264. Let u be k(0). What is the highest common divisor of 11 and u?
11
Let l = 5 + -4. Let i be -1 - -1 - l - -6. Let b be (11/i)/(6/30). What is the highest common factor of b and 33?
11
Suppose 0 = 3*h - 4*h + 2. Let x(y) = 21*y**h + 0 - 2 - 17*y**2. Let i be x(2). What is the greatest common factor of 2 and i?
2
Suppose -16*q + 14*q = -76. Calculate the highest common factor of q and 342.
38
Suppose 5*j - 3*p - 56 = 0, 11 = 2*j - 0*j - 5*p. Suppose 5*o = -0*o + 95. Let m = o - j. Calculate the highest common factor of 66 and m.
6
Let d(g) be the third derivative of g**5/20 - g**4/4 - g**3 + 2*g**2. Let u be d(7). Suppose -33 = -2*v - v. What is the highest common factor of u and v?
11
Let d(f) = 2*f**2 - 9*f. Let q be d(5). Let k(n) = n**2 - 2*n + 4. Let v be k(q). Calculate the highest common divisor of 209 and v.
19
Suppose 0 = -3*i, 6*u - 2*u = 5*i + 8. Let h be -1 - (-1)/(-1 + u). Let a(p) = -p + 63. Let s be a(h). Calculate the highest common factor of s and 7.
7
Let j be 166/6 - 1/(-3). Calculate the highest common factor of j and 14.
14
Let c(a) = 2*a**2 - 9*a + 10. Suppose -4*o - 5*s + 40 = -2*o, -2*s = -8. Let i be c(o). What is the greatest common factor of i and 15?
15
Let t = 11 + -1. Let f = t - 4. Calculate the greatest common divisor of f and 6.
6
Let z(q) = -5*q - 1. Suppose 0 = t - 4 + 1. Let v be (-4)/((-16)/t)*-12. Let p be z(v). Calculate the greatest common divisor of p and 22.
22
Let c = -814 + 1254. What is the highest common factor of 40 and c?
40
Let r be (7/(-3))/(3/(-63)). Calculate the highest common factor of 7 and r.
7
Suppose 0 = 3*u + 6, u - 16 = 5*i - 43. Suppose -3*h + 0*t + 52 = 2*t, 2*h - i*t - 22 = 0. Calculate the highest common factor of h and 24.
8
Let i = -118 - -209. Let w = -15 - -10. Let q be (-63)/(-5) + (-2)/w. Calculate the greatest common factor of i and q.
13
Suppose 5*y - 5 = 4*o, 0 = -5*o - 2*y + 3*y - 22. Let n be (-383)/o - (-4)/10. What is the highest common factor of 7 and n?
7
Let j be 14*(2/(-4) + 1). Let b = -3 - 1. Let d be (-5)/(-4) - (-1)/b. What is the greatest common factor of d and j?
1
Let m = -1 + 23. What is the highest common factor of m and 176?
22
Suppose 0 = -8*w + 12 + 84. Calculate the highest common divisor of 132 and w.
12
Let x be (-2 - 0/(-3)) + 5. Suppose -x*w = -7*w - 5*c + 159, -w + 39 = c. What is the greatest common divisor of 24 and w?
12
Let o(q) = -187*q. Let m = -2 - -1. Let b be o(m). Let w be 138/8 - (-1)/(-4). Calculate the highest common factor of w and b.
17
Suppose 3*z + 42 = 5*z. Calculate the highest common divisor of 189 and z.
21
Let g be ((-4)/12)/((-1)/3). Let t be 95 - (3 - 7)/g. Calculate the highest common divisor of t and 9.
9
Let r = 43 - 60. Let n = 27 + r. Let w be ((-75)/(-6))/((-2)/(-4)). Calculate the highest common divisor of w and n.
5
Let d(j) = -42*j**3 - j. Let g be d(-1). Let v = -25 + g. What is the greatest common factor of 18 and v?
18
Suppose 4*n + 2*k - 166 - 36 = 0, -4*n + 167 = -5*k. Suppose -4*g = -6 + 2. Let z = g - -5. Calculate the highest common divisor of n and z.
6
Let f = -77 - -137. Calculate the highest common factor of 12 and f.
12
Let l be ((-88)/(-9) - 5) + 2/9. Let i be 2 + (-14